hat is 117 + 4?
121
In base 5, what is -112 - 12?
-124
In base 10, what is 1 + -28?
-27
In base 2, what is -10000011 + -10?
-10000101
In base 15, what is -102 + -51?
-153
In base 5, what is 0 + -333?
-333
In base 11, what is -66 + -1?
-67
In base 13, what is -40 - -2?
-3b
In base 7, what is 16 - -31?
50
In base 6, what is -1 + -212?
-213
In base 2, what is 10010 - -11?
10101
In base 10, what is 1 + -40?
-39
In base 9, what is 13020 - 2?
13017
In base 9, what is -556 + -2?
-558
In base 2, what is 100 - 110111?
-110011
In base 15, what is -2 + -d6?
-d8
In base 3, what is 1 - 1022122?
-1022121
In base 3, what is -2012 - -11?
-2001
In base 7, what is 32 - 3?
26
In base 2, what is -101 - -11010111?
11010010
In base 7, what is -104 + -10?
-114
In base 5, what is 10 - 10404?
-10344
In base 5, what is 100 + 2?
102
In base 4, what is 13233 - 11?
13222
In base 7, what is 61 + -5?
53
In base 11, what is -58 - -4?
-54
In base 5, what is 4312 + -4?
4303
In base 16, what is 5 + -62?
-5d
In base 15, what is -4 + -189?
-18d
In base 14, what is 50 + -64?
-14
In base 8, what is 4 + 516?
522
In base 8, what is 11 + 6?
17
In base 4, what is -12223 + 0?
-12223
In base 2, what is 1111 + -11111101?
-11101110
In base 5, what is 0 + -12?
-12
In base 4, what is 201 + -102?
33
In base 6, what is -15 - 120?
-135
In base 13, what is 0 - -4c8?
4c8
In base 13, what is 5b + 1c?
7a
In base 14, what is 17 + 35c?
375
In base 6, what is -111 + 5?
-102
In base 3, what is 10101 - -2?
10110
In base 14, what is -4 + -339?
-33d
In base 9, what is 141 + 3?
144
In base 7, what is -341 - -11?
-330
In base 4, what is -111 - -2?
-103
In base 6, what is 54 + -4?
50
In base 12, what is -6 + 705?
6bb
In base 7, what is 3 + 1400?
1403
In base 11, what is -5 + -68?
-72
In base 8, what is 1254 + -3?
1251
In base 15, what is 6 - 0?
6
In base 9, what is 5 + 44?
50
In base 8, what is 6765 + -4?
6761
In base 9, what is -301 - -4?
-286
In base 3, what is -102000 - -11?
-101212
In base 15, what is -9b5 + -4?
-9b9
In base 14, what is -5 - -9?
4
In base 13, what is 2 - -51?
53
In base 12, what is 13 - -246?
259
In base 11, what is 5 + -aa?
-a5
In base 16, what is -5 + -15?
-1a
In base 10, what is -29 + 5?
-24
In base 6, what is 1 - 52?
-51
In base 14, what is -32 - 1?
-33
In base 9, what is 55 - 3?
52
In base 7, what is -3 - -111?
105
In base 15, what is 2e - 7?
27
In base 14, what is -3a07 + -2?
-3a09
In base 8, what is -140 + 4?
-134
In base 4, what is 122 - 2?
120
In base 7, what is 51 - 4?
44
In base 14, what is 22c - -2?
230
In base 13, what is 28 + 27?
52
In base 4, what is -11 - 1213?
-1230
In base 16, what is -2c17 - 5?
-2c1c
In base 11, what is 2 - -a0a?
a11
In base 8, what is -72 - -161?
67
In base 10, what is 2 - 477?
-475
In base 16, what is -13c - 7?
-143
In base 8, what is 2542 + 3?
2545
In base 3, what is 1 + -100012?
-100011
In base 4, what is -123 + -120?
-303
In base 9, what is -10130 + -3?
-10133
In base 3, what is -10 + -1002121?
-1002201
In base 13, what is -12a9 - -3?
-12a6
In base 4, what is -212 + -10?
-222
In base 12, what is 0 - 1660?
-1660
In base 4, what is 203 - 11?
132
In base 5, what is 2013302 + -1?
2013301
In base 5, what is 0 - 110122?
-110122
In base 2, what is -1001101001 - -11?
-1001100110
In base 16, what is 6a3 - -1?
6a4
In base 3, what is 102 + 22012?
22121
In base 8, what is 4 + 50?
54
In base 15, what is 6 - -23?
29
In base 13, what is 3 - -ac?
b2
In base 10, what is 239 - -3?
242
In base 4, what is -230 - -20?
-210
In base 3, what is -22110111 + -1?
-22110112
In base 5, what is 0 - -402?
402
In base 11, what is 365 - 0?
365
In base 3, what is -22 - 210201?
-211000
In base 6, what is -210 + -32?
-242
In base 12, what is -1 + 2?
1
In base 15, what is -3 - 635?
-638
In base 2, what is 100 + 11001111?
11010011
In base 7, what is 4 - -4612?
4616
In base 5, what is 433 - 341?
42
In base 4, what is 0 - -301?
301
In base 8, what is 2154 - -6?
2162
In base 12, what is 69a3 - 4?
699b
In base 11, what is -34 - -43?
a
In base 4, what is 103 + -10?
33
In base 8, what is -133 - -16?
-115
In base 16, what is 1 - -58?
59
In base 5, what is 143 - 12?
131
In base 4, what is -120 - -1212?
1032
In base 12, what is -150 - -2?
-14a
In base 10, what is 17 - 15?
2
In base 13, what is -269 - 5?
-271
In base 8, what is -7 - 5306?
-5315
In base 3, what is 10 - 10122002?
-10121222
In base 6, what is 105435 + 1?
105440
In base 14, what is 0 - -79?
79
In base 4, what is 222101 - 3?
222032
In base 4, what is 2 + -222133?
-222131
In base 3, what is -10 - 12200002?
-12200012
In base 16, what is -2b - 4?
-2f
In base 14, what is -3 - -1b7?
1b4
In base 2, what is -10 - 11?
-101
In base 2, what is -100111101100 + 1?
-100111101011
In base 2, what is 1010101010 - -101?
1010101111
In base 4, what is 1 + -2013201?
-2013200
In base 10, what is -7087 - -5?
-7082
In base 6, what is -2 - -5444?
5442
In base 13, what is 1b2 + -5?
1aa
In base 12, what is -23 - -87?
64
In base 5, what is 10 - -22?
32
In base 3, what is -11212 + -2?
-11221
In base 2, what is 1001001 - -1101011?
10110100
In base 4, what is 21 + 123?
210
In base 3, what is -1 + 201?
200
In base 10, what is 0 - 845?
-845
In base 8, what is 0 - 40?
-40
In base 3, what is 202 - -211?
1120
In base 5, what is 443023 + 10?
443033
In base 5, what is -132101 - -3?
-132043
In base 14, what is -692 + 3?
-68d
In base 8, what is -10421 - 2?
-10423
In base 15, what is -35c - -1?
-35b
In base 9, what is 3 - 55?
-52
In base 15, what is -5 + -ad?
-b3
In base 10, what is -110 + -3?
-113
In base 10, what is 9 + 158?
167
In base 12, what is 41 + -13?
2a
In base 15, what is -c - c?
-19
In base 8, what is 11 - 22?
-11
In base 7, what is 12 + -2613?
-2601
In base 9, what is -37 + -78?
-126
In base 12, what is -4 - 1215?
-1219
In base 15, what is -65 - -2?
-63
In base 8, what is 371 - -1?
372
In base 3, what is -21202001 - -2?
-21201222
In base 9, what is 135 - -3?
138
In base 8, what is -435 + 5?
-430
In base 13, what is 4 - -290?
294
In base 4, what is -3 - -230?
221
In base 6, what is -4541 + 0?
-4541
In base 8, what is 13 + -166?
-153
In base 13, what is -2c9 + -1?
-2ca
In base 2, what is 1011010010 - -1?
1011010011
In base 6, what is 1 + -14?
-13
In base 14, what is 61 - -6?
67
In base 7, what is 5 + -2401?
-2363
In base 9, what is 12 + 100?
112
In base 4, what is -2 - -21232?
21230
In base 7, what is -4 + -2136?
-2143
In base 10, what is 1298 + 12?
1310
In base 12, what is 189a - -4?
18a2
In base 7, what is 3 - -446?
452
In base 3, what is 20 - -102121?
102211
In base 9, what is -3 - 3?
-6
In base 3, what is -1010022010 - 2?
-1010022012
In base 14, what is -22 + -1b?
-3d
In base 10, what is 203 - 12?
191
In base 16, what is 17 - 1a?
-3
In base 7, what is 5 - 46?
-41
In base 12, what is abb - 2?
ab9
In base 4, what is -103 - 122213?
-122322
In base 8, what is -4 + 45?
41
In base 2, what is 101 - -10011?
11000
In base 16, what is d3 + -3?
d0
In base 2, what is -1011 - -1100?
1
In base 10, what is 4 - -221?
225
In base 9, what is -20 - 163?
-183
In base 4, what is -10003 + 100?
-3303
In base 7, what is -200 - 3?
-203
In base 4, what is -330321 + -11?
-330332
In base 16, what is 20 - 1?
1f
In base 10, what is 5 - 321?
-316
In base 16, what is 1 - -22?
23
In base 10, what is 1 - -451?
452
In base 12, what is -6a + 25?
-45
In base 4, what is -2 + -20?
-22
In base 11, what is 966 + 7?
972
In base 8, what is -12 + 27?
15
In base 7, what is -1003 + -1?
-1004
In base 8, what is -11 - -5226?
5215
In base 5, what is -113 + -230?
-343
In base 12, what is 0 + -2792?
-2792
In base 15, what is 11a + -5?
115
In base 14, what is 2 - -1c?
20
In base 13, what is 2 + 42?
44
In base 13, what is 1 + -1889?
-1888
In base 13, what is 21 - -c?
30
In base 2, what is 0 + 1111?
1111
In base 13, what is a + -43?
-36
In base 7, what is 2 - -151?
153
In base 2, what is -1 + -1011?
-1100
In base 6, what is 340 + -1?
335
In base 13, what is 63 + -1?
62
In base 11, what is -2 - -12?
10
In base 4, what is -1123 + -30?
-1213
In base 11, what is 864 + -7?
858
In base 3, what is 12 - 2000?
-1211
In base 11, what is 4 - -439?
442
In base 14, what is -3c8 - -5?
-3c3
In base 12, what is -4 - -1355?
1351
In base 16, what is -3d + -5?
-42
In base 6, what is -533 - 5?
-542
In base 5, what is -1 - -1